d(v) = v**3 - 7*v**2 + 6*v + 7. Let j be d(5). Let q = j - -25. Calculate the greatest common factor of 96 and q.
12
Suppose -2*w + 580 = 2*w. Let r be w*(3 + (0 - 2)). Calculate the highest common factor of 58 and r.
29
Let s(d) = d**3 + 6*d**2 - 10*d + 2. Let r be s(-7). Calculate the greatest common divisor of 69 and r.
23
Suppose -202 = -2*z - 58. Let r be (-27)/(-6) + 1/2 - -3. Calculate the highest common factor of r and z.
8
Suppose 4*t - t + 75 = 0. Let z = t - -36. Let d(m) = m + 1. Let r be d(10). Calculate the greatest common factor of z and r.
11
Let h be (-4)/26 - (-784)/26. What is the highest common divisor of 6 and h?
6
Suppose -v + 18 + 0 = 2*h, 3*v = h - 16. Calculate the greatest common factor of h and 50.
10
Let i be -1 + 3 + 402/3. What is the highest common factor of 17 and i?
17
Let g(y) = 5*y + 3. Let l be g(4). What is the greatest common divisor of 23 and l?
23
Let u = 218 + -92. Let q = -19 - -13. Let i be (-112)/q + (-6)/9. What is the greatest common divisor of i and u?
18
Let t = -9 - -15. Let k be ((-9)/t)/(3/(-10)). Suppose -4*b + 9*b - k = 0. What is the greatest common factor of b and 9?
1
Suppose 5*b - h - 6 = 0, -10 = 2*b + b - 4*h. Suppose 0 = -b*r - 0*r + 48. What is the greatest common factor of r and 16?
8
Let i = 7 + -4. Let q be (-4)/(-22) + 1176/66. Let z = q - i. What is the greatest common divisor of 6 and z?
3
Let j = 0 - -21. Let c be (28/3)/(-3*(-2)/9). Calculate the greatest common factor of c and j.
7
Suppose 5*n = l + 20, n + 5*l - 35 = -n. Suppose 0 = 2*f - 5*f + 12. Let h be f - -1*(-2 - 1). Calculate the greatest common factor of n and h.
1
Suppose 8 = -4*x, 37 = 3*j - x - x. What is the greatest common factor of 22 and j?
11
Let x be ((-90)/25 - -4) + (-192)/(-20). Let s be (4/6)/(4/(-6)). Let q be ((-48 + -2)*s)/1. What is the greatest common factor of q and x?
10
Suppose 0*x = -2*x + 176. Suppose 5*u - x = u. Suppose -2*g + 33 = -g. What is the highest common factor of u and g?
11
Let c be (105/9 - 3)*(-3 - -15). What is the highest common factor of 8 and c?
8
Let w(v) = v**3 - 9*v**2 + 6*v + 3. Let m be w(9). Calculate the greatest common divisor of m and 19.
19
Let r = 4 - -12. Let k = 35 - r. What is the greatest common divisor of k and 19?
19
Let c(w) = w - 5. Let q be c(8). Suppose -24 = -0*o - o. What is the greatest common factor of q and o?
3
Let y(n) = -11*n + 1. Let t be y(-1). Let g = 34 + 3. Suppose -g = -3*w + 2*h + 23, 5*w - 3*h = 99. What is the greatest common factor of t and w?
6
Let p be 46/(-12) - 2/12. Let i be (-2)/8 - (-67)/p. Let j = i - -25. Calculate the highest common factor of j and 88.
8
Let b(q) = -q**2 - 6*q + 4. Let g be b(-6). Suppose g*t - 2*t = 14. Calculate the highest common divisor of 56 and t.
7
Let j be 3/6*4 - 1. Let w be -1*(14 - j)*-1. Calculate the greatest common factor of w and 39.
13
Suppose -2*u + 572 + 68 = 0. Suppose 6*l = 4*f + 2*l - u, -430 = -5*f - l. Suppose -d + 32 + 2 = 0. Calculate the greatest common factor of d and f.
17
Let c(z) = -3*z. Let y be c(3). Let t be (-2)/y - (-48)/27. Suppose t*l - 4*o - 48 = -0*l, 5*o + 73 = 3*l. What is the greatest common factor of l and 13?
13
Let f be 18/((-14)/(-21) + (-8)/21). What is the greatest common divisor of f and 42?
21
Let j(z) = 5*z - 12. Let x be j(4). What is the greatest common factor of 28 and x?
4
Suppose 0 = 2*v - 9 - 11. What is the highest common factor of 5 and v?
5
Let l = -5 + 7. Let m(z) = 5*z. Let x be m(l). Calculate the highest common factor of x and 50.
10
Suppose 4*m = -3*m + 21. Suppose -2*q - q + 36 = 0. What is the highest common factor of q and m?
3
Let p(k) = 23*k - 1. Let h be p(2). Suppose -r + 4*q - 28 = -3*r, -4*r - q + 70 = 0. Calculate the greatest common divisor of r and h.
9
Let x be 35 - (-1 + 2 - -1). Suppose 16 + 30 = -2*p. Let q = 45 + p. What is the greatest common divisor of x and q?
11
Let g(a) = 18*a**2 + 1. Let w be g(1). Suppose -5*r = 5*f, 0 = 3*r + 3*f - 5*f - 15. Suppose -54 + 225 = r*n. Calculate the highest common divisor of w and n.
19
Let v be (-12 + 1)*(3 - 5). Suppose -2*m = 2*m + 5*b + 13, m + 5*b + v = 0. Suppose m*h = -15 + 60. What is the highest common factor of 135 and h?
15
Suppose -2*q = 7 + 1, -q + 316 = 5*o. Let b = 134 + -126. What is the greatest common factor of o and b?
8
Let v(h) = -12*h + 1. Let f be v(-1). Calculate the greatest common divisor of 104 and f.
13
Let c = 12 - 7. Suppose 0*m = m + 2*d + 10, 26 = -3*m - c*d. Let t be (m/2)/(5/(-605)). What is the greatest common factor of 11 and t?
11
Suppose 0 = 3*a - 4*a + 20. Suppose 0 = -f - 2*n + 2, -4*f + 4*n - n + 41 = 0. What is the highest common factor of f and a?
4
Suppose -x + 9 = u - 4*x, 3*u - x - 3 = 0. Suppose -s + 9 + 2 = u. Calculate the highest common divisor of 110 and s.
11
Suppose -2*w + a = -1511 + 283, -3*w = 3*a - 1860. Suppose -d - w = -5*d. Calculate the greatest common divisor of 22 and d.
22
Let w = -1 - -1. Let q be 1/((-6)/(-9))*4. Let o be q/(3/16 + w). What is the highest common divisor of o and 4?
4
Let r be -13*(-2 - -3)*-11. Suppose 0 = 5*k - 4*t + 28, -5*k - 4*t - 14 = -t. Let z be (-27)/(-2) - (-2)/k. What is the greatest common factor of r and z?
13
Suppose 0 = 5*q - 4*q - 4. What is the highest common divisor of 28 and q?
4
Let n(p) = 8*p**2 + 3*p - 4. Let m be n(-4). What is the greatest common divisor of m and 16?
16
Let o be 4/14 + 46/(-14). Let k be 31 - (6 - (-9)/o). What is the highest common factor of k and 224?
28
Let j = -5 + 13. Let p = -3 + 4. Calculate the greatest common divisor of j and p.
1
Let b(y) = y + 13. Let w be b(0). Calculate the greatest common divisor of w and 13.
13
Let i(z) = 4*z + 1. Let u(c) = 16*c + 5. Let v(t) = 9*i(t) - 2*u(t). Let j be v(4). What is the greatest common factor of j and 6?
3
Suppose -x + 4 = -t, -6 = -3*x + 4*t + 6. Let y be (-1 + 7)/(6/x). Suppose 5*c - 33 + 13 = 0. What is the highest common factor of c and y?
4
Suppose -y = -4*y. Suppose y = 5*b - 1 - 4. Let w be (0 - -2) + b*54. What is the highest common divisor of w and 7?
7
Let q(p) = -9*p - 22. Let j be q(-6). Calculate the greatest common factor of j and 16.
16
Let u = -6 + 8. What is the highest common factor of u and 6?
2
Suppose 0 = -0*g - 4*g - 16. Let x be (6/g)/(1/(-2)). Suppose r = -x*r + 32. Calculate the greatest common divisor of 88 and r.
8
Let g be 3 + 1 + (56 - 16). What is the greatest common factor of 11 and g?
11
Suppose 5*c - 3*t = 26, -6 - 10 = -5*c - 2*t. Suppose 5*m - 176 = -2*z, -3*m + 440 = c*z + z. Calculate the highest common factor of 8 and z.
8
Let f be (-29)/(-5) + (-3)/(-15). Suppose -f*v + 56 = -2*v. What is the greatest common divisor of 70 and v?
14
Suppose -4*q = -4*n + 176, -2*n + 5*q = -5*n + 132. Calculate the highest common divisor of n and 88.
44
Let v(m) = m**3 + m + 3. Let y be v(0). Suppose l - 100 = 2*j, y*l - 5*l - 5*j = -236. Calculate the greatest common factor of 12 and l.
12
Suppose 2*v = 6*v - 72. Let l(y) = y**3 + 12*y**2 + 6*y - 14. Let h be l(-10). Calculate the highest common factor of h and v.
18
Let l(r) = -2*r**2 + 5*r + 2*r**2 - 2*r**2 + 3*r**2 - 6. Let p be l(6). What is the highest common factor of p and 20?
20
Let o(z) = -z**3 - 8*z**2 + 8*z + 8. Let q be o(-9). What is the highest common factor of 17 and q?
17
Let y be 2 + (-3)/3 + 31. What is the highest common factor of 8 and y?
8
Suppose 0*d = -3*u - 4*d + 13, 4*d - 18 = 2*u. Let y be u + 0 + 2 + 0. What is the greatest common divisor of 7 and y?
1
Suppose 5*g = 3*z + 237, 0 = g + 4*z + 1 - 30. Let j = 76 - g. Suppose -2*y = -4*a + a - j, 0 = 5*y - 3*a - 55. What is the greatest common factor of y and 12?
4
Let o = -8 - -7. Let b = 13 + o. Calculate the highest common divisor of b and 24.
12
Suppose 112 = 2*a - 100. Suppose 9*t - 134 = 4*t + 4*v, 3*t + 4*v - a = 0. What is the greatest common factor of 45 and t?
15
Suppose -2*u = -2*j + 48, 5*j - 83 = -4*u + 10. Calculate the greatest common divisor of 14 and j.
7
Let j(i) = -i**3 - 4*i**2 - 4. Let g be j(-7). Suppose 3*b - 51 = 3*n - 7*n, 2*n - 32 = -2*b. What is the greatest common divisor of b and g?
13
Suppose h = -h - b + 82, -5*h + 208 = b. Calculate the highest common factor of h and 63.
21
Let g = -60 - -193. Let h(s) = s**3 + 7*s**2 - 6*s - 9. Let w be h(-